(-302 + 1*(t - -2))/(-1)?
7, 43
Let v be (-198)/231 - (-927)/(-21). Suppose 0*m = -m + 4, 0 = -w - 4*m + 75. Let r = w + v. What are the prime factors of r?
2, 7
Suppose 0 = 48*d - 37*d + 196*d - 9902880. What are the prime factors of d?
2, 5, 13, 23
Suppose b + 3*b = -4*l + 48, 0 = -4*b + 4*l + 16. Suppose -b*t - 515 = -2715. What are the prime factors of t?
5, 11
What are the prime factors of (-55522)/(-12) - -1 - 156/(-936)?
2, 13, 89
What are the prime factors of (6606275/6)/13 + (-16)/(-1248)*13?
2, 3, 3529
Suppose 0 = -57*u - 9*u - 864088 + 3116998. List the prime factors of u.
5, 6827
Let f be (-12192)/40 + 3/(-15). Let o be 1456/3 - (-38)/57. Let d = o + f. What are the prime factors of d?
181
Let z be ((-5 + 3)/(-2))/(2/1074). Suppose -3*p + z = -96. What are the prime factors of p?
211
Let y be -4*4/24*-135. Suppose 3*v + q = -q - 265, -q - y = v. What are the prime factors of v*(-3 - (1 + -3))?
5, 17
Suppose 0 = -872*t + 871*t + 2555. Suppose 0 = -1169*n + 1162*n + t. List the prime factors of n.
5, 73
Suppose -5*o = -t + 1702, 58*t - 55*t - 5144 = -4*o. What are the prime factors of t?
2, 107
Let w = 156 + 107. Suppose -167 = -10*u + w. List the prime factors of u.
43
Let c(b) = -7*b**3 - 2*b**2 + 2*b + 14. List the prime factors of c(0).
2, 7
Let a = -16885 + 83059. What are the prime factors of a?
2, 3, 41, 269
Let u(j) = 33488*j**2 - 19*j + 19. List the prime factors of u(1).
2, 7, 13, 23
Suppose -169*p + 339040 + 1640626 = 0. What are the prime factors of p?
2, 5857
Let f = 4480 + 2935. Suppose 13*x - 11019 = f. List the prime factors of x.
2, 709
What are the prime factors of (-2 - -1 - 97997)*-4*(-11)/(-132)?
2, 16333
Let y = -55 - -57. Suppose y*o - 5*l + 157 = 0, -3*o + l - 224 = 5*l. Let n = 149 + o. What are the prime factors of n?
73
Suppose 0 = 11*b - 12*b + 82. Suppose 0 = 3*f - 137 - b. List the prime factors of f.
73
Suppose 102*s - 1881 = 101*s. List the prime factors of s.
3, 11, 19
Suppose -4*b - 20 = 0, b - 5*b - 41 = -3*i. Suppose i*m = 4*m - m. What are the prime factors of 106/(1/(m - -1))?
2, 53
Suppose -85*g = 75*g - 3103691 - 2964149. List the prime factors of g.
2, 19, 499
Suppose 81*x + 1304 = 77*x. Let h = 133 - x. What are the prime factors of h?
3, 17
Suppose 54*g + 5159 = 59*g - 4*f, -5*f = -5*g + 5155. List the prime factors of g.
3, 5, 23
Let h(n) = -32*n**3 + 6*n**2 - 3*n - 8. List the prime factors of h(-5).
4157
Let p = 712 + -690. Suppose p*w - 12*w - 13490 = 0. What are the prime factors of w?
19, 71
Let j = 3372 - 703. What are the prime factors of j?
17, 157
Let n(l) = -l**3 - l**2 - 5*l - 2. Let d be n(-4). Let a = d - 72. Let y(j) = -j**2 - 14*j - 6. What are the prime factors of y(a)?
2, 3, 7
Suppose p - 2038 = -j, 4*j - 8149 = -2*p - 3*p. Suppose 13*z = -0*z + j. List the prime factors of z.
157
Let x(o) = 3*o**2 + 39*o + 11. Let d be x(-12). What are the prime factors of (-5085)/d + (-16)/(-10) + -2?
7, 29
Suppose -169*b = -176*b - 112. What are the prime factors of (-4*(-61)/5)/(b/(-200))?
2, 5, 61
Let j(n) = 10273*n - 872. What are the prime factors of j(2)?
2, 3, 1093
Let r = -966 + 970. Suppose 1146 = 2*z - b, -3*b + 16 = b. Suppose 3*v + z = r*k, -3*k + 157 = v - 271. What are the prime factors of k?
11, 13
Let v(b) = -b**3 + 20*b**2 + 42*b + 48. Let k be v(22). What are the prime factors of ((-12)/k + 2 - 0)*-118?
2, 59
Suppose 0*z + 4*z - 51031 = 130145. What are the prime factors of z?
2, 3, 7549
Suppose 16606 + 5786 = 3*c. List the prime factors of c.
2, 3, 311
Let y be (399/14 - 0) + 2/4. Let q(m) = -m**2 + 45*m - 132. What are the prime factors of q(y)?
2, 83
Suppose z + 3*u = 8, -z + u + u = -3. Suppose z*t = 7 + 53. Suppose 4*n - 4*b = 220, -4*b - t = -b. What are the prime factors of n?
3, 17
List the prime factors of 17521 + ((-348)/(-30) - 12 - (-54)/10).
2, 3, 23, 127
Let g(z) = 20*z**2 + 3*z. Let o = 17 - 4. Suppose -o*n = -8*n + 10. List the prime factors of g(n).
2, 37
Suppose 4*v - 48709 = -5*r, 0 = -26*v + 29*v - r - 36508. What are the prime factors of v?
3, 4057
Suppose 7*t = -9*t - 3024. Let d = t - -703. List the prime factors of d.
2, 257
Let u be -358 + 210/120 + (-6)/8. Let i = u + 373. What are the prime factors of i?
2
Let d = 53522 - 25804. What are the prime factors of d?
2, 13859
Let r(v) = 122*v**3 + 26*v**2 - 3*v - 1. What are the prime factors of r(4)?
3, 7, 17, 23
Let k(i) = 64*i**2 + 18*i + 95. Let z be k(-7). Suppose -z = 12*v - 17*v. What are the prime factors of v?
3, 23
Let a = -21127 + 30136. What are the prime factors of a?
3, 7, 11, 13
Suppose 0 = 38*n - 6276 - 29254. List the prime factors of n.
5, 11, 17
Let t = 57419 + -40367. List the prime factors of t.
2, 3, 7, 29
Suppose 35*d = 38*d. Suppose d = a + 4*a - 1175. Suppose a + 160 = 5*q. What are the prime factors of q?
79
Let z = 245118 + -166202. What are the prime factors of z?
2, 109, 181
Suppose 98595 - 1411 = 16*q. What are the prime factors of q?
2, 3037
Let z(n) = -9*n + 170. Let b be z(15). Suppose 25*d - b*d = -6440. List the prime factors of d.
2, 7, 23
Suppose -12 = -i + 2*j + 1, -2*j - 3 = i. Suppose i*n = -2*r + 1474, 3*n + 0*r - 874 = 4*r. What are the prime factors of n?
2, 3, 7
Let m(w) = 111*w - 49. Let j be (5 - 3)/((-48)/(-22) - 2). List the prime factors of m(j).
2, 293
Let i = 26229 + -25771. List the prime factors of i.
2, 229
Suppose -167374 = -3*g + 4*w, g = w + 66751 - 10958. What are the prime factors of g?
2, 23, 1213
Let d(q) = -q**3 - 11*q**2 - 10*q + 4. Let f be d(-10). Let h be (-3)/(-3) - 10/f*-2. Suppose h*a - 55 = 2*a - 5*x, a - 7 = x. List the prime factors of a.
2, 5
Let s(g) = -2630*g - 1157. List the prime factors of s(-6).
7, 2089
List the prime factors of (2 + -1 - -4) + (-4)/(56/(-67074)).
2, 11, 109
Let n(o) be the second derivative of 14*o**4/3 + o**3/6 - 3*o**2 + o + 38. List the prime factors of n(3).
3, 167
Suppose 96284 = 47*y + 65*y - 168036. What are the prime factors of y?
2, 5, 59
Let g(h) = -h**3 + 12*h**2 - 50*h - 16. Let r be g(10). Let k = r + 609. What are the prime factors of k?
293
Let w(v) = -v**2 - 3*v + 118. Suppose -122*s - 20 = -127*s. Suppose 0 = -3*n + n + s*n. What are the prime factors of w(n)?
2, 59
Suppose u + 422 = 55*x - 51*x, -114 = -x - 4*u. What are the prime factors of x?
2, 53
Suppose 193300 = 16*g - 105436. What are the prime factors of g?
18671
Let u(c) = -71*c - 5. Let r(v) = -319*v - 22. Let l(n) = 5*r(n) - 22*u(n). Let h be (-144)/54 + (-3)/9. List the prime factors of l(h).
3, 11
Let c = 70 - 73. List the prime factors of (12/10)/((-332)/(-110) + c).
2, 3, 11
Suppose -245 = -0*n + n - 4*h, 2*h = 2. Let d = 502 + n. What are the prime factors of d?
3, 29
Let j = 10729 + -5862. List the prime factors of j.
31, 157
Let n be (-1 + 3/2)*120/12. Suppose -72 = n*a - 11*a. Suppose -a = -5*v - 2*z, 2*v + 2*z + 0*z = 0. List the prime factors of v.
2
What are the prime factors of (652014/(-148))/((-5)/30)?
3, 11, 89
Let a(u) = -3*u + 94. Let w be a(-18). Let b = w - -180. List the prime factors of b.
2, 41
Let i(q) = 5786*q - 1360. What are the prime factors of i(3)?
2, 19, 421
Let z(a) = a + 45. Let d be z(-27). Suppose d*l - 247 = 5*l. List the prime factors of l.
19
Let h(a) = a**3 - 5*a**2 + a + 1. Let z = 28 - -2. Let c = -25 + z. List the prime factors of h(c).
2, 3
Let z(w) = w**3 + 9*w**2 + 2*w + 21. Let h be z(-9). Let a = h + 3. Suppose -t + 153 = 5*s, -5*s + 165 = -t + a*t. What are the prime factors of s?
2, 3, 5
Suppose -v = 11*v - 12. List the prime factors of (v - 12/9)*-279.
3, 31
Let c = -1 + 4. Suppose -c*l = p - 54, -l = 4*p - 14 - 15. What are the prime factors of (l*-11 + 0/1)/(-1)?
11, 17
Let k(a) = -332*a + 3644. What are the prime factors of k(-33)?
2, 5, 73
Suppose 0 = 14*k - 40 - 156. Suppose 0 = 2*a - 4*w + 2*w - k, 3*w + 5 = -a. Suppose -o = a*p + 3 - 37, -o - 2*p = -44. What are the prime factors of o?
2, 3
Let v(l) = 3*l**2 + 3*l + 7. Let c be v(5). Let h(o) = 6*o**2 - 441*o - 221. Let k be h(74). What are the prime factors of c/k - (-40)/8?
2, 3, 17
What are the prime factors of -141*(-8)/72*282/1?
2, 47
Suppose 179*l - 3792 = 175*l. What are the prime factors of l?
2, 3, 79
Let q = -5485 + 6717. What are the prime factors of q?
2, 7, 11
What are the prime factors of 387584/6 + (-13